ive r(x).
0
Let b(d) be the second derivative of -d**3/6 + 13*d**2/2 - 10*d. Let r be b(6). Let m(o) = -2*o + 8. Determine m(r).
-6
Let d(m) = -m**3 - m**2 + 4*m + 6. Suppose -9*i = g - 13*i + 4, -4*g - 16 = -3*i. Give d(g).
38
Suppose -5*y = 2*q + 25, 3 + 7 = -2*y. Let r(p) = -2*p + q + p + 4 + 2. Let g be (6/(-4))/((-2)/4). Give r(g).
3
Let r(m) = 11*m + 1. Let q(v) = -2*v**2 - 28*v + 65. Let l be q(2). Calculate r(l).
12
Let m(c) = -10*c + 183. Let z be m(18). Let p(a) be the third derivative of 0 - 1/6*a**z + 7/24*a**4 + 0*a + 6*a**2. Calculate p(1).
6
Let c be 2/5 + (-18)/(-30). Let u(z) be the second derivative of -3*z**4/4 - z**3/2 - z**2/2 + 8*z. Let t(f) = f**2 + f. Let d(k) = 4*t(k) + u(k). Give d(c).
-5
Let q(f) = 9*f + 1. Let s(k) = -11*k**2 - 3*k + 1. Let g be s(-3). Let d = 88 + g. Calculate q(d).
-8
Let a(y) = -15*y**2 - 6*y + 2*y - 12 - 5*y + y + 14*y**2. Give a(-6).
0
Let x(t) = -4*t**2 + 19*t - 21. Let h(m) = -m**2 + 6*m - 7. Let s be -4*10/(-16)*4/5. Let i(n) = s*x(n) - 7*h(n). What is i(-5)?
2
Let q(z) = -8*z + 1. Let p(r) = 17*r - 3. Let s(b) = 4*p(b) + 9*q(b). What is s(-2)?
5
Let y(r) = 4*r - 4. Let j(u) = -u**3 + 5*u**2 + 4*u + 19. Let t be j(6). Calculate y(t).
24
Let h(z) = 103*z**2 + 93*z**2 - 180*z**2 + 1 - 2. What is h(1)?
15
Let f(i) be the second derivative of i**4/12 + i**3 + 3*i**2 - i. Suppose 14*x - 100 = 9*x. Suppose 15*w = x*w + 20. What is f(w)?
-2
Let s(y) = y**3 - 12*y**2 + 9*y + 21. Let v = -372 + 383. Determine s(v).
-1
Let t(p) = -3*p - 4 + 8 - p + 0. Determine t(2).
-4
Suppose 0 = 3739*b - 3742*b. Let s(a) = a**3 - a + 7. Give s(b).
7
Let w be 5 + (-14)/((-98)/(-21)). Let p = -7 + 13. Let h(d) = -d - d**w - p*d + 2*d. Give h(-5).
0
Let r(l) = -l**3 + 48*l**2 + 45*l + 197. Let c be r(49). Let h(t) = 11*t - 1. Give h(c).
10
Let g(c) = 8*c**3 - 2*c - 1. Let u be g(-1). Let l(r) be the second derivative of 1/20*r**5 + 0 - r + 3*r**2 + 7/12*r**4 + 1/6*r**3. What is l(u)?
-1
Let k be (-120)/(-45) + 4/(-6). Let o(v) = v**2 + k + 0 + 153*v - 149*v. What is o(-3)?
-1
Let c(h) be the first derivative of -h**4/12 + 3*h**2/2 - 9*h - 5. Let b(n) be the first derivative of c(n). Let g(t) = -2*t - 4. Let o be g(-2). Give b(o).
3
Let l(n) be the second derivative of 3*n**2 + 4/3*n**3 + 1/12*n**4 + 2*n + 0. Give l(-7).
-1
Let s(u) be the third derivative of -2*u**2 + 5/3*u**3 - 1/12*u**4 + 0 + 0*u. Suppose -5 = -5*q + 30. What is s(q)?
-4
Let u be (1/3)/((-7)/(-42)). Suppose -f + 0*f - c + 3 = 0, -u*c - 14 = -2*f. Let r(g) = g**2 - 2*g - 5. What is r(f)?
10
Let r(v) be the first derivative of -v**5/120 - v**4/12 - 13*v**3/3 - 18. Let n(k) be the third derivative of r(k). Determine n(-3).
1
Let k(y) = y - 9. Let q be (-9)/(-21) - 3/7. Suppose 6*s = -q*s. What is k(s)?
-9
Let o(y) = 2*y + 2. Suppose 0 = r + 1 - 6. Suppose 0 = -r*v + 3*i + 19, 3*v + 0*i + 2*i = 19. Suppose -3*n - v = -2*n. What is o(n)?
-8
Let g(l) = -5*l**2 - 19*l - 19. Let k(p) = -4*p**2 - 16*p - 19. Let a(y) = -5*g(y) + 6*k(y). Calculate a(0).
-19
Let k = 17 - 19. Let r(u) be the first derivative of u**4/6 + u**3/6 - u**2 - 3*u + 2. Let t(s) be the first derivative of r(s). Calculate t(k).
4
Suppose -5*n - 33 = -4*s, -6*s + s + 15 = -n. Let v(f) = s*f + f**2 + 0*f - 2*f - 6*f - 3. Give v(8).
13
Let c(a) = -4*a + 6. Let t(j) = -5*j + 4. Let r(b) = -2*c(b) + 3*t(b). Determine r(2).
-14
Let a(y) = 7*y**2 + y**2 + 0*y**3 + 5*y**3 - 6*y - 4*y**3 + 11*y + 34. Give a(-8).
-6
Suppose -19 = -2*g + 3*d, 4*d + 0*d = -4*g - 12. Let x(w) = w**3 - 3*w**2 + 2*w. Calculate x(g).
0
Suppose 2*p + 147 = 151. Let m(i) = 249*i**3 + 4 - 2 - 250*i**3 + 7*i**p - 7*i + i. Let x(s) = -5*s**3 + s**2 - s - 1. Let g be x(-1). Calculate m(g).
2
Let j(i) be the second derivative of 9*i**5/20 - i**4/6 + i**3/6 + 2*i + 20. What is j(1)?
8
Let l be 18/(-81) + 130/18. Let g(n) = 0*n**3 - n**3 + 0 - n - l + 6 + 4*n**2. Let b be g(2). Let j(i) = -i**3 + 6*i**2 - 3*i - 6. Give j(b).
4
Let n(b) = -b**3 + 8*b**2 + 8*b. Suppose -l + 2*l + 5*s = 14, -3*s + 12 = l. What is n(l)?
-9
Let c(w) = -3*w**2 - 4*w - 6*w - 1 - 3*w - 4. Let p(v) = -4*v**2 - 15*v - 5. Let k(b) = 3*c(b) - 2*p(b). What is k(-8)?
3
Let s = 173 - 164. Suppose -7*o + 14 = -s*o. Let g(f) be the first derivative of f**3/3 + 7*f**2/2 + 8*f - 1. Give g(o).
8
Suppose -2*f = -4*k + 22, 33 - 7 = 5*k - 4*f. Let j(d) = k + 4 + 2*d - 19. What is j(11)?
13
Let r(y) = -y**2 + y - 3. Let i be 34 + 5/((-15)/6). Let m = 46 - i. Suppose -o + 2*o = 3*l - m, o = -5. Calculate r(l).
-9
Let z(d) = -7*d**2 - d + 1. Let x = -5 - -30. Suppose -4*c - x = c, 12 = 2*w - 4*c. Let m be ((-1)/w)/((-1)/(-4)). Calculate z(m).
-7
Let f(y) be the third derivative of -y**8/6720 - y**7/2520 + y**6/240 - 7*y**4/4 + 16*y**2. Let s(m) be the second derivative of f(m). Calculate s(-3).
9
Suppose 0 = -4*m + 4*l - 72, 0*l = 3*m + l + 58. Let o = m - -16. Let y(p) = -p**3 - 2*p**2 + 3*p + 4. Calculate y(o).
4
Let a = 37 + -33. Suppose 5*b - 3*z + 13 = 0, 2*b - a*z + 12 = -2*b. Let q(d) = -2*d**2 - d + 1. Determine q(b).
-5
Let p(g) = 7*g - 2. Let f(v) = 46*v - 47. Let t be f(1). Calculate p(t).
-9
Let z(d) = 6*d. Let f(v) = 4*v - 10. Let j be f(3). Let g be (-64)/(1 + -5) - j. Suppose 4*p + 2*n + 3*n = -16, -2*p = -3*n - g. Determine z(p).
6
Let r(s) = -3*s**3 - 3*s**2 + 22*s + 24. Let v be r(-1). Let g(o) be the second derivative of -2*o + 0 - 1/2*o**v + 2/3*o**3. What is g(-1)?
-5
Let y be (5 + -1)*1 + -2. Let t(l) = 24*l - 13*l - 5*l + 3*l + y. Determine t(-2).
-16
Let p(m) = -15047*m - 5 + 13 + 15046*m. Let k(u) = u**3 + 8*u**2 + 6*u - 3. Let x be k(-7). Suppose -r + 8 = -4*c, -r - x*c - 6 = -c. Calculate p(r).
8
Let s(d) be the first derivative of -3*d**2 + 1/4*d**4 + 5/3*d**3 - 15 - 5*d. What is s(-6)?
-5
Let n = 1255 + -1260. Let h(r) = r**3 + 5*r**2 - 6. Determine h(n).
-6
Suppose -5*p + 0*p - 30 = 0. Let x(u) = -u - 9. Determine x(p).
-3
Let q(f) = f**3 + 5*f**2 + 4*f + 6. Let x be q(-4). Let c(s) be the second derivative of 0 + 1/2*s**4 - 3/2*s**2 + 4*s - 1/20*s**5 + 0*s**3. Determine c(x).
-3
Let x(n) = n**3 + 4*n**2 + n - 4. Let w be x(-3). Let c(a) = 7*a**2 - a**2 - 1 - 1 - 4*a**w - 3*a. Calculate c(-2).
12
Let h(n) = -n**2 + 9*n - 19. Let z be h(4). Let r(q) = 10*q. Calculate r(z).
10
Let o(k) = 124 + 101 - 9*k**2 - k**3 - 230 - 15*k. Determine o(-7).
2
Let c(n) = -5*n + 1. Let r(b) = 11*b - 2. Suppose -11*u = -13*u - 10. Let d(v) = u*c(v) - 2*r(v). Determine d(-2).
-7
Let m(j) = -j**2 + 5*j + 4. Let p(i) be the first derivative of i**3/3 + 4*i**2 - 9*i + 5. Let v be p(-10). Let y be v/2 - 1/2. Determine m(y).
4
Suppose 2*s - 259 - 141 = 0. Let i be 6/14 + s/56. Let v(t) be the first derivative of t**2/2 - 4*t - 3. Calculate v(i).
0
Let v(o) = o**3 + 8*o**2 + 7*o - 3. Let g(w) = w**3 + 8*w**2 + 6*w - 1. Let x(s) = -5*g(s) + 4*v(s). Suppose -12 - 20 = 4*y. What is x(y)?
9
Let k(m) = -3*m**3 - 20*m**2 - 8*m - 23. Let u(y) = y**3 + 7*y**2 + 3*y + 8. Let g(v) = 6*k(v) + 17*u(v). Give g(2).
-8
Suppose 5*d = -3*q - 0*q - 7, q + 2*d + 3 = 0. Let r(w) = -q + 0 + 395*w - 396*w. Let l(y) = -y**2 + 3*y + 1. Let x be l(4). Give r(x).
2
Let f(v) = 130*v + 124*v + 5 - 258*v. Calculate f(3).
-7
Let t(x) = 2*x - 2. Let r(p) = 7*p - 20. Let g(z) = -r(z) + 3*t(z). Determine g(0).
14
Let z(f) = -5*f - 15. Let l be z(-5). Let n(a) = l*a + 5*a + 2*a**2 - 14*a + 0*a + 2 - a**3. What is n(2)?
4
Let u be 0/((-1 - -1) + 1) + 8. Let p be 2/4 + -5 + 12/u. Let s(i) = -i. Determine s(p).
3
Let v(x) be the third derivative of -x**8/5040 - x**6/720 + x**5/60 + 3*x**2. Let q(z) be the third derivative of v(z). Let d = -403 + 402. Determine q(d).
-5
Suppose 0 = 2*v + v - 9. Suppose -v*z = -9*z + 18. Let i(n) = -3*n - 20. Let j(a) = -a - 7. Let t(m) = z*i(m) - 8*j(m). Give t(-7).
3
Let a(d) = 2 + 4*d - 4 - 2*d - d. Let v(f) = 3 + 3 - f**3 + 0 - 6*f**2. Let z be v(-6). Calculate a(z).
4
Let h be (96/56 - 0)/((-2)/(-7)). Let p(x) = -47*x - h*x**2 + 0 - x**3 + 1 + 48*x. Give p(-6).
-5
Let l(h) = h**2 - 11*h + 6. Let y(q) = q**2 - 12*q + 6. Let o(b) = 7*l(b) - 6*y(b). Let p(f) = -3*f**2 + 10*f - 13. Let n(s) = 5*o(s) + 2*p(s). Calculate n(-6).
-2
Let i = 3 + -5. Let w(s) = -s + 1. Let o(n) = 4*n - 4. Let f be (-297)/(-22)*(-4)/(-6). Let d(m) = f*w(m) + 2*o(m). Give d(i).
3
Suppose -3*